, 19
Let d(j) = j**3 - 4*j**2 - 3*j + 6. Let q be d(3). Let i be (1 + 1)/((-8)/q). Suppose -i*u + 1 + 140 = 0. List the prime factors of u.
47
Let f be (-25)/(1 - 7/6). Suppose 5*g = -f + 950. List the prime factors of g.
2, 5
Let i = 12 - -1135. What are the prime factors of i?
31, 37
Let w(s) = -41*s**3 + 2*s**2 - 7*s + 1. List the prime factors of w(-4).
3, 5, 179
Let j(m) be the third derivative of -m**4/24 + 16*m**3/3 + m**2. Suppose 0 = 22*x - 20*x. List the prime factors of j(x).
2
Let d = 139 - -421. What are the prime factors of d?
2, 5, 7
Suppose -4 = -0*g - 4*g. Let x = 3 + g. Suppose x*i - 29 + 11 = -2*o, 3*i = -o + 8. List the prime factors of o.
11
Let w(f) = -69*f + 338. List the prime factors of w(-25).
2063
Let z = 91 - 50. Suppose -4*q + 83 = -z. Let l = q - 5. What are the prime factors of l?
2, 13
Let n = 6 + -6. Let f be 0/(n/(-4) + -2). Suppose 0 = -f*d - 4*d + 24. What are the prime factors of d?
2, 3
Let q be (-10)/(-45) - 1042/(-9). Let l = q - 83. Suppose f = -4*f - 3*n + 15, -3*f + l = -3*n. List the prime factors of f.
2, 3
List the prime factors of (726 + 0 - (-3 - 0)) + 0.
3
Let l = -3 - 14. Let z(m) be the third derivative of m**4/24 + 11*m**3/3 - 11*m**2. List the prime factors of z(l).
5
Let i(w) = -4*w + 5. Let g(k) = -k**2 + 5*k. Suppose -6 = -3*c - 3*o, c + 30 = 4*c - 3*o. Let r be g(c). List the prime factors of i(r).
29
Let v(o) = -18*o**2 + 5*o + 3. Let s be v(-3). Let a = 307 + s. Suppose 5*k - 434 = p - a, 0 = -5*k + 2*p + 297. List the prime factors of k.
61
Suppose 4*d + 3*p - 2864 = 0, 2148 = 2*d + d + 2*p. List the prime factors of d.
2, 179
Let l be 21/(-84) + (-17)/(-4). Let r(p) = 2*p**3 - 4*p**2 + 2*p + 5. Let x be r(l). Let i = -19 + x. What are the prime factors of i?
2, 29
Suppose 2*s = 18 + 26. Suppose 3*i - s = -1. What are the prime factors of 2223/63 - 2/i?
5, 7
Suppose -16*v + 80 = -12*v. List the prime factors of ((-12)/v)/(1/(-45)).
3
Let g = 49 + -35. Let m be (-10)/35 - 52/g. What are the prime factors of (-161)/m - 4/16?
2, 5
Let x(o) = 40*o**2 + o. Let l be x(-2). Let g = l + -93. List the prime factors of g.
5, 13
Suppose 2 = -3*m + 5. Let i be (-290)/(-5)*m/2. Suppose o - i = -0*o. List the prime factors of o.
29
Let w be 14/(-77) - 57/(-11). Suppose -x - 12 = -w*x. Suppose -l + x*l = 36. What are the prime factors of l?
2, 3
Let s = -20 + 5. Let u = -10 - s. Suppose 0 = 2*t + 2, 0 = -u*m + 2*t + 14 + 133. What are the prime factors of m?
29
Let r(f) = -f - 12. Let o be r(-8). Let n be ((-140)/21 + 6)/(2/12). List the prime factors of ((-41)/o)/((-1)/n).
41
Let c(o) = o + 15. Let g be c(-12). Suppose -g*i + 3 = -3*t, 8*t - 3*t - 30 = -2*i. Suppose i*y + b - 150 = 0, 0*b + 10 = 2*b. What are the prime factors of y?
29
Let s(j) = -2*j**2 + 11*j + 9. Let o be s(6). List the prime factors of o/(-2) + 670/4.
2, 83
Let b = 2 - -1. Let s(i) = i + 4*i - 2*i + b*i. List the prime factors of s(3).
2, 3
Let p(v) = 15*v**2 - 9*v + 0*v**3 - 16*v**2 + 2*v**3 + 13. What are the prime factors of p(5)?
193
Let d(p) = -5*p**2 - 5*p + 7. Let v be d(3). Let c = v + 116. What are the prime factors of c?
3, 7
What are the prime factors of (-7)/(-14)*(-1598)/(-1)?
17, 47
Suppose -2 = -x, -7*p + 2*p - 3*x + 8846 = 0. What are the prime factors of p?
2, 13, 17
Let m(k) = -k. Let z be (-2)/(-5) + (-2)/5. Let r be m(z). Suppose r = 5*i - 238 + 38. List the prime factors of i.
2, 5
Let k = -1146 + 2032. What are the prime factors of k?
2, 443
Let h(l) = -38*l - 26. Let m be h(6). Let t = -133 - m. What are the prime factors of t?
11
Let w = 4 + -4. Let y be (-6)/(-10) - 321/(-15). Suppose 3*d - 3*j - 33 = w, -d - y = -3*d - j. What are the prime factors of d?
11
Let h be 0*((-1)/1 - 0). Suppose -3*n = -h*n + 4*w - 16, -4 = 2*n - w. Suppose q + 3*i + n*i + 5 = 0, 5*i = -25. What are the prime factors of q?
2, 5
Let b(i) = 59*i**3 - i**2 + i. Suppose 0*r + 8 = r + 2*x, 0 = -4*x + 12. Let j be (0/r - 2) + 3. List the prime factors of b(j).
59
Let x = 1231 + -329. What are the prime factors of x?
2, 11, 41
Let s(g) = -g**3 + 12*g**2 - 22*g + 4. Suppose -3*a - 33 = -9. Let h be ((-3)/(-1))/(a/(-24)). List the prime factors of s(h).
7
Let v(a) = 3*a - 68. Let n be v(23). What are the prime factors of (-2058)/(-24) - n/(-4)?
2, 43
Let k be 2*4/(-8) - 15. Let b = -14 - k. List the prime factors of 123*b*2/12.
41
Suppose -4 = 4*l - 12. Let g be (-3)/l + (-6)/12. Let m(n) = -3*n - 2. List the prime factors of m(g).
2
Let t = -49 - -74. Let o be (-15)/t + 1156/10. List the prime factors of (-2)/(10/o)*-2.
2, 23
Suppose 6917 = -2*x - 3*o - 2*o, 2*x = 5*o - 6967. List the prime factors of 2/(-5) + x/(-15) - -4.
5, 47
Let g be (6/(-4))/((-1)/12). Let v = -12 + g. Let q = 10 - v. What are the prime factors of q?
2
Let c(z) = -5*z**2 - 9*z + 12. Let w(p) = 4*p**2 + 10*p - 11. Let h(b) = -5*c(b) - 6*w(b). What are the prime factors of h(17)?
2, 5
Let k(v) = -v**3 + 8*v**2 - 6*v + 4. Let m be k(5). Suppose -2*y + 141 - m = 0. What are the prime factors of y?
2, 23
Let d(n) = -n**2 - 17*n - 9. Suppose 4*v - 2*c = -26, -4*v - 3*c = v + 49. What are the prime factors of d(v)?
3, 7
Let r(j) = -j**2 - 11*j - 5. Let d be r(-11). Let c be 42 - d/((-20)/(-16)). Let a = -12 + c. List the prime factors of a.
2, 17
Suppose 20*d = -g + 22*d + 14, 2*g - 10 = -2*d. List the prime factors of g.
2
Suppose -4090 = -5*m - 435. What are the prime factors of m?
17, 43
Suppose -3*w + 3*s + 129 = 0, 3*w - 4*s - 34 = 93. List the prime factors of w.
3, 5
Let z(j) = 6*j**2 - 25*j - 35. What are the prime factors of z(13)?
2, 3, 109
List the prime factors of 233 + 24/(-32) + 105/(-20).
227
Suppose 114 = 3*o - 15. Let u = 86 - o. List the prime factors of u.
43
Suppose h - 748 = 2*i + 116, 3*i + 865 = h. What are the prime factors of h?
2, 431
Suppose 0*k = -2*k - k. Suppose 0 = 3*v + 2*o - 313, -4*v + o - 5*o + 416 = k. List the prime factors of v.
3, 5, 7
Let c = -342 + 482. List the prime factors of c.
2, 5, 7
Suppose -2*n + y + 2 - 6 = 0, 0 = -y + 4. Suppose n = 3*x + 90 - 135. What are the prime factors of x?
3, 5
Suppose -d + 7 = 2*g + 2*g, 2*g + 3*d = 1. Let b(w) = 2 + w - 4 + 2*w**2 - g - w**2. List the prime factors of b(-4).
2
Let v = 41 + -17. Let a be v*((-45)/12)/(-5). List the prime factors of 14/(-63) + 130/a.
7
Let z be (4 - 3)/(-3 + 2). List the prime factors of z/4 - 484/(-16).
2, 3, 5
Suppose 0*u + 10 = 2*i - 4*u, i = 5*u + 8. Suppose 4*a - 20 = 0, 0 = -b - b + i*a - 1. Let j(q) = q**2 + 3*q - 10. What are the prime factors of j(b)?
2, 3, 5
Let i = 739 - 406. List the prime factors of i.
3, 37
List the prime factors of ((-7)/(42/9))/((-12)/6928).
2, 433
Let z(b) be the second derivative of 0 + 8*b**2 - 6*b + 1/6*b**3. List the prime factors of z(-12).
2
List the prime factors of (-7)/((-1137)/162 - -7).
2, 3, 7
Let c(q) = 70*q. Let a be c(4). Suppose -t + 6*t = a. What are the prime factors of t?
2, 7
Suppose 1369 = 8*s + 369. List the prime factors of s.
5
Let g(z) be the second derivative of -z**4/12 + 5*z**3 - 24*z**2 + 14*z. List the prime factors of g(23).
113
What are the prime factors of -1*1180/3*(0 - 3)?
2, 5, 59
Suppose 13*r - 9*r = 92. Suppose 0 = 24*a - r*a - 21. List the prime factors of a.
3, 7
Let j(i) = 26*i + 4. Let f be j(-7). Let w = f + 123. List the prime factors of (-2)/11 + (-615)/w.
11
Suppose -m = 4*m - 15. Suppose 2*v - 740 = -m*v. Suppose 0*n - v = -4*n. What are the prime factors of n?
37
Let t(v) be the third derivative of v**4/24 + v**3/3 - 6*v**2. Let j be t(-6). Let l = 19 - j. What are the prime factors of l?
23
Suppose -6 = -2*q - 2*j, 0*q + 15 = 5*q - 3*j. Suppose 4*m - 42 - 326 = 4*w, 0 = -q*w. List the prime factors of m.
2, 23
Suppose -2*h = -4*q, h + 5 - 20 = 5*q. Let m be (-2)/9 + (-326)/(-9). What are the prime factors of (-2040)/m*12/h?
2, 17
Let a(d) = 2*d**2 + 29*d - 118. List the prime factors of a(-52).
2, 31, 61
Suppose 8*x = 5*x + 672. List the prime factors of x/12*(2 - -1).
2, 7
Let x(c) = 3*c - 3. Let g be x(3). Let h(p) = 2*p**3 - 10*p**2 + 9*p + 5. Let a be h(g). Let n = a - 87. What are the prime factors of n?
2, 11
Let p(i) = -8*i**3 + 3*i**2 + 3*i + 3. What are the prime factors of p(-3)?
3, 79
Suppose -4*i = 18 - 1214. What are the prime factors of i?
13, 23
Let x(a) = -